{"id":261,"date":"2022-12-16T12:31:43","date_gmt":"2022-12-16T17:31:43","guid":{"rendered":"https:\/\/amerispa.codepoet.ca\/chateau-bromont\/?page_id=261"},"modified":"2024-02-09T14:41:38","modified_gmt":"2024-02-09T19:41:38","slug":"soins-corporels","status":"publish","type":"page","link":"https:\/\/amerispadev.ca\/chateau-bromont\/soins-corporels\/","title":{"rendered":"Soins corporels"},"content":{"rendered":"","protected":false},"excerpt":{"rendered":"","protected":false},"author":2,"featured_media":170,"parent":0,"menu_order":0,"comment_status":"closed","ping_status":"closed","template":"template-typedesoin.php","meta":{"_acf_changed":false,"footnotes":""},"class_list":["post-261","page","type-page","status-publish","has-post-thumbnail","hentry"],"yoast_head":"<!-- This site is optimized with the Yoast SEO Premium plugin  - https:\/\/yoast.com\/wordpress\/plugins\/seo\/ -->\n<title>Soins corporels - Amerispa Ch\u00e2teau-Bromont<\/title>\n<meta name=\"description\" content=\"D\u00e9couvrez nos soins corporels. Notre \u00e9quipe professionnelle saura prendre soin de vous avec des enveloppements corporels, des exfoliations et plus encore.\" \/>\n<meta name=\"robots\" content=\"index, follow, max-snippet:-1, max-image-preview:large, max-video-preview:-1\" \/>\n<link rel=\"canonical\" href=\"https:\/\/amerispadev.ca\/chateau-bromont\/soins-corporels\/\" \/>\n<meta property=\"og:locale\" content=\"en_US\" \/>\n<meta property=\"og:type\" content=\"article\" \/>\n<meta property=\"og:title\" content=\"Soins corporels\" \/>\n<meta property=\"og:description\" content=\"D\u00e9couvrez nos soins corporels. Notre \u00e9quipe professionnelle saura prendre soin de vous avec des enveloppements corporels, des exfoliations et plus encore.\" \/>\n<meta property=\"og:url\" content=\"https:\/\/amerispadev.ca\/chateau-bromont\/soins-corporels\/\" \/>\n<meta property=\"og:site_name\" content=\"Ch\u00e2teau-Bromont\" \/>\n<meta property=\"article:modified_time\" content=\"2024-02-09T19:41:38+00:00\" \/>\n<meta property=\"og:image\" content=\"https:\/\/amerispadev.ca\/chateau-bromont\/wp-content\/uploads\/sites\/6\/2022\/12\/amerispalaval_DSC3060-copy-1.jpg\" \/>\n\t<meta property=\"og:image:width\" content=\"1920\" \/>\n\t<meta property=\"og:image:height\" content=\"1281\" \/>\n\t<meta property=\"og:image:type\" content=\"image\/jpeg\" \/>\n<meta name=\"twitter:card\" content=\"summary_large_image\" \/>\n<meta name=\"twitter:label1\" content=\"Est. reading time\" \/>\n\t<meta name=\"twitter:data1\" content=\"1 minute\" \/>\n<script type=\"application\/ld+json\" class=\"yoast-schema-graph\">{\"@context\":\"https:\/\/schema.org\",\"@graph\":[{\"@type\":\"WebPage\",\"@id\":\"https:\/\/amerispadev.ca\/chateau-bromont\/soins-corporels\/\",\"url\":\"https:\/\/amerispadev.ca\/chateau-bromont\/soins-corporels\/\",\"name\":\"Soins corporels - Amerispa Ch\u00e2teau-Bromont\",\"isPartOf\":{\"@id\":\"https:\/\/amerispadev.ca\/chateau-bromont\/#website\"},\"primaryImageOfPage\":{\"@id\":\"https:\/\/amerispadev.ca\/chateau-bromont\/soins-corporels\/#primaryimage\"},\"image\":{\"@id\":\"https:\/\/amerispadev.ca\/chateau-bromont\/soins-corporels\/#primaryimage\"},\"thumbnailUrl\":\"https:\/\/amerispadev.ca\/chateau-bromont\/wp-content\/uploads\/sites\/6\/2022\/12\/amerispalaval_DSC3060-copy-1.jpg\",\"datePublished\":\"2022-12-16T17:31:43+00:00\",\"dateModified\":\"2024-02-09T19:41:38+00:00\",\"description\":\"D\u00e9couvrez nos soins corporels. Notre \u00e9quipe professionnelle saura prendre soin de vous avec des enveloppements corporels, des exfoliations et plus encore.\",\"breadcrumb\":{\"@id\":\"https:\/\/amerispadev.ca\/chateau-bromont\/soins-corporels\/#breadcrumb\"},\"inLanguage\":\"en-US\",\"potentialAction\":[{\"@type\":\"ReadAction\",\"target\":[\"https:\/\/amerispadev.ca\/chateau-bromont\/soins-corporels\/\"]}]},{\"@type\":\"ImageObject\",\"inLanguage\":\"en-US\",\"@id\":\"https:\/\/amerispadev.ca\/chateau-bromont\/soins-corporels\/#primaryimage\",\"url\":\"https:\/\/amerispadev.ca\/chateau-bromont\/wp-content\/uploads\/sites\/6\/2022\/12\/amerispalaval_DSC3060-copy-1.jpg\",\"contentUrl\":\"https:\/\/amerispadev.ca\/chateau-bromont\/wp-content\/uploads\/sites\/6\/2022\/12\/amerispalaval_DSC3060-copy-1.jpg\",\"width\":1920,\"height\":1281,\"caption\":\"cr\u00e8me dos femme Amerirspa\"},{\"@type\":\"BreadcrumbList\",\"@id\":\"https:\/\/amerispadev.ca\/chateau-bromont\/soins-corporels\/#breadcrumb\",\"itemListElement\":[{\"@type\":\"ListItem\",\"position\":1,\"name\":\"Accueil\",\"item\":\"https:\/\/amerispadev.ca\/chateau-bromont\/\"},{\"@type\":\"ListItem\",\"position\":2,\"name\":\"Soins corporels\"}]},{\"@type\":\"WebSite\",\"@id\":\"https:\/\/amerispadev.ca\/chateau-bromont\/#website\",\"url\":\"https:\/\/amerispadev.ca\/chateau-bromont\/\",\"name\":\"Ch\u00e2teau-Bromont\",\"description\":\"\",\"potentialAction\":[{\"@type\":\"SearchAction\",\"target\":{\"@type\":\"EntryPoint\",\"urlTemplate\":\"https:\/\/amerispadev.ca\/chateau-bromont\/?s={search_term_string}\"},\"query-input\":{\"@type\":\"PropertyValueSpecification\",\"valueRequired\":true,\"valueName\":\"search_term_string\"}}],\"inLanguage\":\"en-US\"}]}<\/script>\n<!-- \/ Yoast SEO Premium plugin. -->","yoast_head_json":{"title":"Soins corporels - Amerispa Ch\u00e2teau-Bromont","description":"D\u00e9couvrez nos soins corporels. Notre \u00e9quipe professionnelle saura prendre soin de vous avec des enveloppements corporels, des exfoliations et plus encore.","robots":{"index":"index","follow":"follow","max-snippet":"max-snippet:-1","max-image-preview":"max-image-preview:large","max-video-preview":"max-video-preview:-1"},"canonical":"https:\/\/amerispadev.ca\/chateau-bromont\/soins-corporels\/","og_locale":"en_US","og_type":"article","og_title":"Soins corporels","og_description":"D\u00e9couvrez nos soins corporels. Notre \u00e9quipe professionnelle saura prendre soin de vous avec des enveloppements corporels, des exfoliations et plus encore.","og_url":"https:\/\/amerispadev.ca\/chateau-bromont\/soins-corporels\/","og_site_name":"Ch\u00e2teau-Bromont","article_modified_time":"2024-02-09T19:41:38+00:00","og_image":[{"width":1920,"height":1281,"url":"https:\/\/amerispadev.ca\/chateau-bromont\/wp-content\/uploads\/sites\/6\/2022\/12\/amerispalaval_DSC3060-copy-1.jpg","type":"image\/jpeg"}],"twitter_card":"summary_large_image","twitter_misc":{"Est. reading time":"1 minute"},"schema":{"@context":"https:\/\/schema.org","@graph":[{"@type":"WebPage","@id":"https:\/\/amerispadev.ca\/chateau-bromont\/soins-corporels\/","url":"https:\/\/amerispadev.ca\/chateau-bromont\/soins-corporels\/","name":"Soins corporels - Amerispa Ch\u00e2teau-Bromont","isPartOf":{"@id":"https:\/\/amerispadev.ca\/chateau-bromont\/#website"},"primaryImageOfPage":{"@id":"https:\/\/amerispadev.ca\/chateau-bromont\/soins-corporels\/#primaryimage"},"image":{"@id":"https:\/\/amerispadev.ca\/chateau-bromont\/soins-corporels\/#primaryimage"},"thumbnailUrl":"https:\/\/amerispadev.ca\/chateau-bromont\/wp-content\/uploads\/sites\/6\/2022\/12\/amerispalaval_DSC3060-copy-1.jpg","datePublished":"2022-12-16T17:31:43+00:00","dateModified":"2024-02-09T19:41:38+00:00","description":"D\u00e9couvrez nos soins corporels. Notre \u00e9quipe professionnelle saura prendre soin de vous avec des enveloppements corporels, des exfoliations et plus encore.","breadcrumb":{"@id":"https:\/\/amerispadev.ca\/chateau-bromont\/soins-corporels\/#breadcrumb"},"inLanguage":"en-US","potentialAction":[{"@type":"ReadAction","target":["https:\/\/amerispadev.ca\/chateau-bromont\/soins-corporels\/"]}]},{"@type":"ImageObject","inLanguage":"en-US","@id":"https:\/\/amerispadev.ca\/chateau-bromont\/soins-corporels\/#primaryimage","url":"https:\/\/amerispadev.ca\/chateau-bromont\/wp-content\/uploads\/sites\/6\/2022\/12\/amerispalaval_DSC3060-copy-1.jpg","contentUrl":"https:\/\/amerispadev.ca\/chateau-bromont\/wp-content\/uploads\/sites\/6\/2022\/12\/amerispalaval_DSC3060-copy-1.jpg","width":1920,"height":1281,"caption":"cr\u00e8me dos femme Amerirspa"},{"@type":"BreadcrumbList","@id":"https:\/\/amerispadev.ca\/chateau-bromont\/soins-corporels\/#breadcrumb","itemListElement":[{"@type":"ListItem","position":1,"name":"Accueil","item":"https:\/\/amerispadev.ca\/chateau-bromont\/"},{"@type":"ListItem","position":2,"name":"Soins corporels"}]},{"@type":"WebSite","@id":"https:\/\/amerispadev.ca\/chateau-bromont\/#website","url":"https:\/\/amerispadev.ca\/chateau-bromont\/","name":"Ch\u00e2teau-Bromont","description":"","potentialAction":[{"@type":"SearchAction","target":{"@type":"EntryPoint","urlTemplate":"https:\/\/amerispadev.ca\/chateau-bromont\/?s={search_term_string}"},"query-input":{"@type":"PropertyValueSpecification","valueRequired":true,"valueName":"search_term_string"}}],"inLanguage":"en-US"}]}},"acf":[],"_links":{"self":[{"href":"https:\/\/amerispadev.ca\/chateau-bromont\/wp-json\/wp\/v2\/pages\/261","targetHints":{"allow":["GET"]}}],"collection":[{"href":"https:\/\/amerispadev.ca\/chateau-bromont\/wp-json\/wp\/v2\/pages"}],"about":[{"href":"https:\/\/amerispadev.ca\/chateau-bromont\/wp-json\/wp\/v2\/types\/page"}],"author":[{"embeddable":true,"href":"https:\/\/amerispadev.ca\/chateau-bromont\/wp-json\/wp\/v2\/users\/2"}],"replies":[{"embeddable":true,"href":"https:\/\/amerispadev.ca\/chateau-bromont\/wp-json\/wp\/v2\/comments?post=261"}],"version-history":[{"count":3,"href":"https:\/\/amerispadev.ca\/chateau-bromont\/wp-json\/wp\/v2\/pages\/261\/revisions"}],"predecessor-version":[{"id":576,"href":"https:\/\/amerispadev.ca\/chateau-bromont\/wp-json\/wp\/v2\/pages\/261\/revisions\/576"}],"wp:featuredmedia":[{"embeddable":true,"href":"https:\/\/amerispadev.ca\/chateau-bromont\/wp-json\/wp\/v2\/media\/170"}],"wp:attachment":[{"href":"https:\/\/amerispadev.ca\/chateau-bromont\/wp-json\/wp\/v2\/media?parent=261"}],"curies":[{"name":"wp","href":"https:\/\/api.w.org\/{rel}","templated":true}]}}